thousands digit of 4047095589?
9
What is the units digit of 987907238?
8
What is the ten thousands digit of 38606668?
0
What is the millions digit of 555750197?
5
What is the hundred thousands digit of 7639908?
6
What is the millions digit of 5083394496?
3
What is the ten millions digit of 814676111?
1
What is the millions digit of 1194849061?
4
What is the hundred millions digit of 7980853006?
9
What is the millions digit of 218033384?
8
What is the tens digit of 180265305?
0
What is the units digit of 3785565072?
2
What is the thousands digit of 88704071?
4
What is the hundred millions digit of 173344997?
1
What is the units digit of 4668722090?
0
What is the hundred thousands digit of 90362080?
3
What is the millions digit of 36144324?
6
What is the thousands digit of 3779288?
9
What is the millions digit of 3283803665?
3
What is the ten millions digit of 1380661276?
8
What is the hundreds digit of 74999924?
9
What is the hundreds digit of 1122187749?
7
What is the hundreds digit of 79259253?
2
What is the units digit of 1085358826?
6
What is the hundreds digit of 553395574?
5
What is the thousands digit of 74748339?
8
What is the units digit of 90388714?
4
What is the thousands digit of 5389919779?
9
What is the ten thousands digit of 76049915?
4
What is the ten thousands digit of 2905503?
0
What is the hundred millions digit of 102290079?
1
What is the ten millions digit of 486295304?
8
What is the hundreds digit of 876264453?
4
What is the millions digit of 27661847?
7
What is the hundred thousands digit of 18130169?
1
What is the millions digit of 1128236998?
8
What is the ten thousands digit of 7982311103?
1
What is the hundred thousands digit of 114358376?
3
What is the ten thousands digit of 202740082?
4
What is the tens digit of 250480511?
1
What is the hundreds digit of 32580147?
1
What is the hundred thousands digit of 455017827?
0
What is the ten millions digit of 207563297?
0
What is the tens digit of 330412178?
7
What is the units digit of 29383355?
5
What is the tens digit of 17274170?
7
What is the hundred millions digit of 181965166?
1
What is the thousands digit of 383255837?
5
What is the thousands digit of 1771287256?
7
What is the units digit of 461245834?
4
What is the ten thousands digit of 520452058?
5
What is the hundreds digit of 7592567?
5
What is the hundred thousands digit of 53408275?
4
What is the thousands digit of 1070092778?
2
What is the ten millions digit of 7000563744?
0
What is the hundred thousands digit of 27075897?
0
What is the ten millions digit of 3762263885?
6
What is the units digit of 58198297?
7
What is the hundreds digit of 1691646989?
9
What is the hundred millions digit of 5819448122?
8
What is the hundreds digit of 477313379?
3
What is the ten millions digit of 57012237?
5
What is the hundred millions digit of 189531255?
1
What is the thousands digit of 198420925?
0
What is the millions digit of 4139303479?
9
What is the thousands digit of 88858108?
8
What is the tens digit of 4858193?
9
What is the hundred thousands digit of 73439476?
4
What is the ten millions digit of 78211676?
7
What is the hundred millions digit of 142938036?
1
What is the ten thousands digit of 993046717?
4
What is the ten thousands digit of 2442591?
4
What is the ten thousands digit of 3285683798?
8
What is the units digit of 6205528611?
1
What is the hundred millions digit of 3764569110?
7
What is the ten thousands digit of 15707473?
0
What is the hundred thousands digit of 7769651446?
6
What is the hundred millions digit of 199759730?
1
What is the ten millions digit of 109305749?
0
What is the thousands digit of 16616343?
6
What is the ten thousands digit of 39930314?
3
What is the millions digit of 86367354?
6
What is the units digit of 703578?
8
What is the units digit of 46121092?
2
What is the hundred thousands digit of 111301901?
3
What is the millions digit of 30515402?
0
What is the ten thousands digit of 10806813?
0
What is the ten millions digit of 217358884?
1
What is the ten thousands digit of 120082345?
8
What is the ten millions digit of 32879850?
3
What is the millions digit of 6940040580?
0
What is the ten thousands digit of 1056974934?
7
What is the ten thousands digit of 380508360?
0
What is the ten thousands digit of 2730831?
3
What is the hundreds digit of 68526987?
9
What is the hundred millions digit of 248357743?
2
What is the hundred thousands digit of 129330626?
3
What is the units digit of 2077907381?
1
What is the hundreds digit of 53906271?
2
What is the hundred thousands digit of 712160620?
1
What is the units digit of 8961710?
0
What is the hundred thousands digit of 476763889?
7
What is the tens digit of 20540435?
3
What is the millions digit of 19715622?
9
What is the hundred millions digit of 444351991?
4
What is the hundred millions digit of 260779815?
2
What is the millions digit of 110751709?
0
What is the units digit of 114658995?
5
What is the hundreds digit of 31650578?
5
What is the hundred millions digit of 1219631014?
2
What is the thousands digit of 356697555?
7
What is the billions digit of 4232881990?
4
What is the millions digit of 5352013?
5
What is the tens digit of 24972883?
8
What is the millions digit of 74187548?
4
What is the tens digit of 879450491?
9
What is the hundred thousands digit of 588107095?
1
What is the tens digit of 30204665?
6
What is the millions digit of 2100166?
2
What is the hundred thousands digit of 2470071201?
0
What is the units digit of 823190372?
2
What is the tens digit of 20356777?
7
What is the millions digit of 586963145?
6
What is the ten thousands digit of 1078542239?
4
What is the hundred millions digit of 310431516?
3
What is the billions digit of 4742485935?
4
What is the ten thousands digit of 560550045?
5
What is the millions digit of 1491478923?
1
What is the ten thousands digit of 804574384?
7
What is the hundreds digit of 8154137?
1
What is the hundreds digit of 578675178?
1
What is the hundreds digit of 5912246295?
2
What is the hundreds digit of 1072276744?
7
What is the tens digit of 164978780?
8
What is the hundreds digit of 1746374976?
9
What is the ten thousands digit of 31487534?
8
What is the tens digit of 4350364858?
5
What is the hundred thousands digit of 354524065?
5
What is the thousands digit of 214086460?
6
What is the ten millions digit of 19914885?
1
What is the hundred millions digit of 3349421527?
3
What is the ten thousands digit of 298314046?
1
What is the hundred thousands digit of 303485226?
4
What is the millions digit of 767582870?
7
What is the millions digit of 64625838?
4
What is the ten millions digit of 2181348672?
8
What is the ten millions digit of 246268915?
4
What is the ten millions digit of 205828310?
0
What is the ten millions digit of 67633294?
6
What is the tens digit of 2059114691?
9
What is the units digit of 48994615?
5
What is the ten millions digit of 663912974?
6
What is the tens digit of 77984170?
7
What is the tens digit of 64025687?
8
What is the millions digit of 2547130695?
7
What is the billions digit of 1079539923?
1
What is the hundreds digit of 98443317?
3
What is the millions digit of 119623857?
9
What is the hundred millions digit of 127957175?
1
What is the units digit of 3135428647?
7
What is the millions digit of 1559173744?
9
What is the ten millions digit of 1185844072?
8
What is the ten millions digit of 1054350587?
5
What is the billions digit of 2470696263?
2
What is the ten thousands digit of 196250754?
5
What is the thousands digit of 274229678?
9
What is the ten thousands digit of 392472407?
7
What is the thousands digit of 2017837881?
7
What is the tens digit of 58311075?
7
What is the units digit of 2662874169?
9
What is the units digit of 43902669?
9
What is the units digit of 400383884?
4
What is the ten millions digit of 55805331?
5
What is the tens digit of 35992557?
5
What is the hundreds digit of 1316875826?
8
What is the hundred thousands digit of 20625819?
6
What is the units digit of 520948474?
4
What is the thousands digit of 2470500339?
0
What is the units digit of 233989519?
9
What is the hundred millions digit of 1076464143?
0
What is the tens digit of 7874089639?
3
What is the millions digit of 331520200?
1
What is the hundreds digit of 86